3*q**2 + 41*q + 45. What is s(-13)?
19
Let i(s) = -4*s**3 + 7*s**2 + 22*s. Determine i(5).
-215
Let j(x) = x**3 - 4*x**2 + 13*x - 7. What is j(5)?
83
Let c(q) = -3*q**2 - 133*q + 228. What is c(-46)?
-2
Let g(a) = 669*a**2 - 690*a + 9. Calculate g(1).
-12
Let d(u) = 53*u - 393. Give d(12).
243
Let z(a) = 3*a**3 - 211*a**2 + 65*a + 344. Calculate z(70).
-6
Let o(z) = 172*z - 289. Give o(1).
-117
Let u(g) = -g**3 + 21*g**2 - 37*g - 64. Calculate u(19).
-45
Let d(v) = v**2 + 60*v - 1049. Calculate d(14).
-13
Let c(d) = 3*d**3 - 73*d**2 + 420*d - 18. Give c(15).
-18
Let d(f) = 40*f + 939. Determine d(-23).
19
Let z(h) = -142*h + 2270. Determine z(16).
-2
Let t(j) = 2*j**3 - 225*j**2 + 106*j + 528. Determine t(112).
-144
Let k(j) = -j**3 - 40*j**2 - 74*j + 228. Determine k(-38).
152
Let d(g) = 149*g + 47. Give d(1).
196
Let v(d) = -49*d + 331. What is v(7)?
-12
Let r(z) = 3*z**2 - 81*z - 109. Give r(29).
65
Let f(u) = -44*u + 499. Determine f(10).
59
Let b(y) = 207*y + 2894. Determine b(-14).
-4
Let s(q) = -1467*q + 1469. Calculate s(1).
2
Let a(h) = 4*h**2 + 24*h + 16. What is a(-7)?
44
Let s(z) = -12*z**3 - 100*z**2 - 5*z + 63. Give s(-8).
-153
Let k(c) = -187*c - 15873. Determine k(-85).
22
Let x(h) = -10*h + 129. Determine x(38).
-251
Let q(u) = 13*u**2 + 33*u - 24. Calculate q(4).
316
Let n(y) = 6073*y - 285427. Determine n(47).
4
Let v(p) = -23*p + 547. Give v(24).
-5
Let f(i) = i**2 + i + 47. Determine f(-11).
157
Let h(g) = -g**2 - 53*g - 246. Calculate h(-6).
36
Let x(l) = -2*l**2 + 158*l - 2619. Determine x(51).
237
Let o(j) = 3794*j + 72087. What is o(-19)?
1
Let q(i) = i**3 - 7*i**2 + 32*i - 126. What is q(7)?
98
Let v(d) = d**2 - 545*d + 1087. Determine v(2).
1
Let s(l) = 17*l + 557. Determine s(-35).
-38
Let y(r) = r**3 + 72*r**2 + 71*r + 62. Calculate y(-71).
62
Let c(z) = 155*z - 76. Calculate c(2).
234
Let r(b) = -3*b - 184. Determine r(-29).
-97
Let g(w) = 2749*w + 5543. What is g(-2)?
45
Let a(v) = -723*v + 4345. Give a(6).
7
Let g(d) = -14*d**2 - 64*d - 54. What is g(-4)?
-22
Let q(k) = k**3 - 334*k**2 + 12760*k - 5. Give q(44).
-5
Let l(o) = 2*o**3 - 5*o**2 - 52*o + 11. Give l(-5).
-104
Let y(j) = -j**2 + 39*j - 47. Determine y(37).
27
Let r(n) = -636*n + 8. Calculate r(0).
8
Let l(s) = -1135*s + 11314. Calculate l(10).
-36
Let r(q) = 308*q - 14784. What is r(48)?
0
Let g(z) = z**3 - 40*z**2 + 77*z - 124. Calculate g(38).
-86
Let p(a) = a**2 - 45*a + 467. Calculate p(16).
3
Let d(z) = -z**3 + 2*z**2 + 5*z + 5. What is d(-3)?
35
Let o(w) = -w**3 + 31*w**2 + 34*w - 62. Determine o(32).
2
Let l(t) = -t**2 - t + 105. Calculate l(-11).
-5
Let u(k) = -k**3 + 15*k**2 + 10*k + 116. Determine u(16).
20
Let p(m) = -55*m + 303. Determine p(8).
-137
Let w(s) = -30*s**2 + 6*s + 32. Calculate w(4).
-424
Let w(t) = -10*t**2 + 90*t + 1117. Calculate w(16).
-3
Let m(t) = t**3 + 3*t - 9. Give m(-5).
-149
Let p(c) = -2056*c + 82250. Calculate p(40).
10
Let c(z) = -85*z - 3087. Calculate c(-36).
-27
Let p(v) = -v**3 - 5*v**2 + 179*v + 664. Give p(-4).
-68
Let z(v) = -264*v**2 + 4*v - 1. What is z(-1)?
-269
Let z(g) = -54*g - 326. Calculate z(-17).
592
Let p(q) = -q**3 + 9*q**2 + 3*q - 47. What is p(-5)?
288
Let d(m) = -m**2 + 528*m. Determine d(0).
0
Let r(z) = z + 23. Determine r(-20).
3
Let l(r) = 5*r**2 - 15*r - 33. Calculate l(-6).
237
Let u(l) = 5*l**2 - 131*l + 446. Calculate u(4).
2
Let a(n) = 820*n - 4001. Determine a(5).
99
Let a(q) = 3*q**2 + 91*q + 171. What is a(-2)?
1
Let d(t) = 14*t**2 + 225*t - 90. What is d(-16)?
-106
Let u(o) = 9*o**2 - 12*o - 54. Give u(-3).
63
Let i(w) = 7*w**2 + 264*w + 1620. Calculate i(-30).
0
Let k(y) = 4*y**2 + 137*y + 833. What is k(-28)?
133
Let r(s) = 14*s - 839. Give r(62).
29
Let r(c) = 8*c - 350. Give r(40).
-30
Let v(y) = 2*y**2 - 7*y + 25. Give v(0).
25
Let i(l) = 4114*l + 37069. Give i(-9).
43
Let j(t) = 45*t - 219. Give j(5).
6
Let f(m) = -m**3 - 3*m**2 + 241*m - 36. Determine f(-17).
-87
Let z(c) = c**3 - 61*c**2 - 395*c - 487. Determine z(67).
-18
Let r(s) = 2*s**3 + 45*s**2 - 487*s - 18. Give r(8).
-10
Let c(p) = -p**3 - 3*p**2 - 2*p + 185. Determine c(9).
-805
Let n(k) = 6*k**2 - 85*k - 882. Determine n(-7).
7
Let j(y) = -y**3 + 7*y**2 + 56*y - 310. Determine j(8).
74
Let r(h) = -h**3 + 5*h**2 + 124*h + 339. Calculate r(-6).
-9
Let j(u) = -127*u + 1927. What is j(15)?
22
Let r(u) = u**3 + 41*u**2 - 279*u + 158. What is r(-47)?
17
Let y(r) = r**3 + 3*r**2 - 10*r + 21. What is y(-6)?
-27
Let c(j) = -285*j + 293. Determine c(1).
8
Let y(l) = -202*l + 5456. Give y(27).
2
Let b(j) = 287*j - 33. What is b(1)?
254
Let c(o) = 22*o + 374. Determine c(-17).
0
Let h(a) = -3663*a - 29276. What is h(-8)?
28
Let y(t) = 85*t - 641. What is y(10)?
209
Let z(k) = 3*k**3 + 9*k**2 - 386*k - 1499. Determine z(-4).
-3
Let d(c) = 330*c - 1042. Give d(3).
-52
Let s(t) = -563*t - 22519. What is s(-40)?
1
Let m(k) = 30*k**2 - 110*k - 42. Determine m(4).
-2
Let y(w) = -2*w**2 + 75*w - 111. Give y(39).
-228
Let g(h) = 8*h**2 - 134*h + 396. Give g(13).
6
Let h(z) = -28*z - 202. Calculate h(2).
-258
Let d(p) = 161*p**3 - p**2 + p + 1. What is d(-1)?
-162
Let s(d) = -2*d**3 - 108*d**2 - 93*d + 694. Calculate s(-53).
5
Let k(n) = -13*n**3 + 141*n**2 + 13*n + 95. What is k(11)?
-4
Let i(q) = q**2 - 53*q - 4561. Determine i(-46).
-7
Let a(n) = 6*n**3 + 875*n**2 - 145*n + 150. Calculate a(-146).
4
Let s(a) = -112*a + 5259. Determine s(47).
-5
Let u(j) = 10*j**2 + 10*j - 10. Give u(5).
290
Let u(q) = -q**2 - 260*q - 13158. What is u(-69)?
21
Let h(v) = 7*v**2 + 59*v + 85. Calculate h(-10).
195
Let p(s) = s**2 - 25*s + 524. What is p(13)?
368
Let o(m) = -7*m**2 - 15*m + 92. What is o(-5)?
-8
Let u(n) = -8*n - 322. What is u(-42)?
14
Let o(d) = 385*d - 4996. Calculate o(13).
9
Let k(m) = 33*m + 35. Calculate k(5).
200
Let z(w) = -225*w + 84. Give z(1).
-141
Let b(j) = 305*j - 91. Determine b(0).
-91
Let l(m) = 2*m**3 - 173*m**2 + 74*m + 534. Determine l(86).
-498
Let s(o) = o**3 - 6*o**2 - 7*o + 10. Give s(7).
10
Let b(p) = -2*p**2 - 12*p + 54. Calculate b(-27).
-1080
Let m(c) = -c**3 - 21*c**2 + 25*c - 14. Give m(-22).
-80
Let z(b) = 77*b - 2891. Determine z(38).
35
Let i(k) = k**3 - 45*k**2 - 97*k + 21. Determine i(47).
-120
Let i(q) = -q**3 + 13*q**2 + 45*q + 66. What is i(15)?
291
Let m(y) = 34*y + 728. Calculate m(-22).
-20
Let w(b) = 6*b**2 - 214*b + 609. What is w(3)?
21
Let v(p) = p**3 + 88*p**2 + 4*p + 399. Determine v(-88).
47
Let t(f) = -71*f - 1213. What is t(-17)?
-6
Let r(n) = -1393*n + 37608. Determine r(27).
-3
Let n(y) = y**2 + 46*y + 553. Give n(-27).
40
Let c(w) = -2*w**2 + 6*w - 11. Determine c(7).
-67
Let h(p) = -p**2 + 187*p + 1131. What is h(-6)?
-27
Let f(b) = b**2 + 17*b + 42. Give f(-2).
12
Let q(j) = -3*j**3 - j**2 - 3*j - 3. What is q(-1)?
2
Let k(r) = 2*r**3 - 17*r**2 - 8*r + 11. Calculate k(9).
20
Let s(c) = c**3 - 21*c**2 - 22*c - 53. Determine s(22).
-53
Let g(w) = -1281*w - 2542. Determine g(-2).
20
Let d(q) = 14*q**2 - 3*q + 1. Determine d(4).
213
Let y(v) = -151*v + 1508. Give y(10).
-2
Let c(g) = -4*g - 472. Give c(15).
-532
Let v(r) = -13*r**2 + 171*r - 35. Determine v(13).
-9
Let p(o) = 2*o**2 - 80*o - 122. Calculate p(42).
46
Let f(c) = -2*c**3 + 31*c**2 + 23*c - 53. Give f(16).
59
Let l(u) = -11*u + 133. What is l(-11)?
254
Let h(r) = 536*r + 1603. Calculate h(-3).
-5
Let a(t) = -390*t + 5860. What is a(15)?
10
Let q(t) = -2*t**3 - 65*t**2 - 505*t - 15. What is q(-19)?
-167
Let x(w) = 36*w - 8. What is x(3)?
100
Let t(q) = 49*q + 125. Calculate t(-9).
-316
Let u(l) = 2*l**3 + 64*l**2 + 4*l + 128. Determine u(-32).
0
Let x(y) = y**3 - 56*y**2 - 105*y - 636. Calculate x(58).
2
Let m(d) = d**3 + 120*d**2 + 146*d + 3238. Give m(-119).
25
Let b(o) = -o**2 + 108*o - 2463. Determine b(55).
452
Let n(x) = 4177*x - 45930. Give n(11).
17
Let w(i) = -28*i - 32. Determine w(2).
-88
Let s(m) = -1340*m - 13395. What is s(-10)?
5
Let k(z) = -4*z**3 - z**2 - 5*z + 6. Calculate k(2).
-40
Let c(q) = -71*q + 35. Determine c(-1).
106
Let c(g) = -12*g**2 - 2*g + 6. Determine c(4).
-194
Let a(j) = -34*j**2 + 91*j + 3. What is a(3)?
-30
Let s(c) = -c**3 - 27*c**2 - c - 34. What is s(-27)?
-7
Let t(f) = -15*f**2 + 934*f - 1857. Give t(2).
-49
Let r(m) = -m**3 - 88*m**2 - 85*m + 174. What is r(-87)?
0
Let v(u)